vided by 8.
6
Let p be ((-2)/3)/(2/(-9)). Suppose 0 = p*u - 189 + 51. What is the remainder when u is divided by 4?
2
Calculate the remainder when ((-7)/(-2))/(3/36) is divided by (0 - 3 - 180/(-27))*6.
20
Let c(z) = 42*z + 281. What is the remainder when 74 is divided by c(-6)?
16
Let s = -246 - -106. Let n = -113 - s. Calculate the remainder when 103 is divided by n.
22
Suppose -3*d - 92 = -2*z, 12*d = 7*d - 20. Calculate the remainder when z is divided by 1/((3 - 2)/7).
5
Let n(v) = v**2 + 3*v + 5. Let d be n(-2). Suppose -5*s = -d*g + 154, 6*s - 3*s = g - 46. Suppose 8*l - 72 = 2*l. What is the remainder when g is divided by l?
10
Calculate the remainder when (-114 + 0)*((-145)/(-15) - 10) is divided by 14.
10
Let f = -37 + 19. Let d = f - 12. Calculate the remainder when 7 is divided by ((-5)/(-3))/((-10)/d).
2
Suppose 12*m - 14*m + 5*t = -648, 20 = -5*t. Calculate the remainder when m is divided by 16.
10
What is the remainder when (-9950)/(-75) - 8/(-6) is divided by 71?
63
Suppose -4*d = 4*w - 28, 14 = d - 3*w - 1. What is the remainder when 206 is divided by d?
8
Suppose -5*u + 1859 = -4*h, -h + 5 - 6 = 0. Calculate the remainder when u is divided by 15.
11
Let p be ((-6)/4)/((-5)/10). Suppose -p*k + 48 = -2*k + 2*d, -5*k + 215 = 5*d. Suppose -3*a - 105 = -438. Calculate the remainder when a is divided by k.
35
Let n be 340/7 + (-128)/224. Suppose j = -0*k + 4*k - n, k = -3*j - 1. What is the remainder when 23 is divided by k?
1
Let r(c) = -c + 16. Suppose -13 = 4*g - 3*y, 5*g + 15 = y - 4. Suppose 4*p - p - 234 = 0. Calculate the remainder when p is divided by r(g).
18
Calculate the remainder when 110 is divided by -7 - 255/(-35) - 514/(-14).
36
Let h be 7/(21/12) + 32. Let s = -49 + h. Let q = s - -42. What is the remainder when q is divided by 15?
14
Suppose 0 = 5*c - 11*c - 96. Calculate the remainder when 54 is divided by (0 + 58/3)*(-24)/c.
25
Suppose h = -5*i + 22, 2*h + 10*i = 13*i + 57. Let m(y) = -y**2 - 7*y - 6. What is the remainder when h is divided by m(-5)?
3
Let x = -43 + 49. Let n(u) = -3*u + 0*u**2 + 7 + u**2 - 17. Calculate the remainder when 14 is divided by n(x).
6
Suppose -c = -4*c + 87. Let v be 22/11 - (-4 - 0). Let u(x) = 3*x - 8. Calculate the remainder when c is divided by u(v).
9
Suppose 0 = 18*r - 14*r + 96. Calculate the remainder when 154 is divided by (-3)/(r/26)*8.
24
Suppose 2904 = 2*f + 2*j, -2890 = -2*f + 5*j - 0*j. Suppose -2*u - 3*u + f = 0. Suppose 6*s = s + u. What is the remainder when s is divided by 30?
28
Let o(f) = f**3 + 17*f**2 + 25. Calculate the remainder when 26 is divided by o(-17).
1
Suppose -s = -0*s + m - 41, 0 = -2*s - 5*m + 70. What is the remainder when 58 is divided by s?
13
Let j(h) = h**2 - h + 9. Suppose 2*q - 5 = 3, 0 = 3*v - 4*q - 56. Suppose v = 3*l - 21. Calculate the remainder when l is divided by j(0).
6
Let y be (4 - 2) + 0 + -2. Suppose -8 = 4*j - y*j, 4*j = 4*d - 8. Suppose 3*q = -d + 48. What is the remainder when 47 is divided by q?
15
Let w = 19 + -18. Let f(l) = 3 - 1 - 5*l**2 + 5*l**3 - l - 5*l - 4*l**3. Calculate the remainder when f(6) is divided by w.
0
Let x(k) = k**3 - 13*k**2 + 39*k - 73. Calculate the remainder when 355 is divided by x(10).
15
Let v(w) = -w**2 + 5*w. Let l(z) = 6*z - 232. What is the remainder when l(40) is divided by v(4)?
0
Calculate the remainder when 74 is divided by ((-80)/10 - -3) + 16.
8
Suppose -3*y + 3*f + 9 = 2*y, -3*f = -y - 3. Suppose -y - 9 = -4*b. What is the remainder when b is divided by 1?
0
Let f(n) = -6*n - 51. Let g be f(-11). Calculate the remainder when (2 - (-68)/(-10))*g/(-6) is divided by 8.
4
Let z = 1 - -20. Suppose 3*p - 51 = y + z, -103 = -5*p - 4*y. Let o = -15 + 23. Calculate the remainder when p is divided by o.
7
Suppose t - 5*t + 95 = 5*g, t = 4*g - 76. What is the remainder when 357 is divided by g?
15
Let m = -238 + 326. What is the remainder when 615 is divided by m?
87
Suppose -3*k + 560 = 5*f, -3*f + 3*k - k + 336 = 0. Calculate the remainder when f is divided by 9.
4
Suppose -58 = -2*a - 4*w + 536, 3*w + 587 = 2*a. What is the remainder when a is divided by 75?
70
Let s = -50 + 50. Suppose s = 2*l + 2*h - 24, 16 = l + h - 4*h. What is the remainder when l is divided by 2?
1
Suppose -2*s - 2*z + 0*z = -56, 4*z = -2*s + 64. Let w(m) = 93*m**2 + 1. Suppose -3 = 3*t - 6. Calculate the remainder when w(t) is divided by s.
22
Calculate the remainder when 313 is divided by (-28)/(-3)*1053/156.
61
Let c(m) = -m**3 - 10*m**2 - 16*m - 223. Calculate the remainder when c(-11) is divided by 33.
8
Suppose -2*y = 0, 2*u + 0*u - 5*y - 72 = 0. Calculate the remainder when 2/(-5) + 684/10 is divided by u.
32
Suppose 3*m - 6 = 0, 92 + 18 = 5*c + 5*m. What is the remainder when ((-6)/(-24)*44)/((-3)/(-12)) is divided by c?
4
Suppose -3 + 33 = 2*m. Calculate the remainder when m is divided by -1 - (-18 - (-66)/6).
3
Suppose 3*b - 33 = -4*j + 10, -j - 89 = -4*b. Let f(g) = -g + 1. Calculate the remainder when b is divided by f(-11).
9
Suppose 0 = -r + 3*r. Suppose 4*y - 2*y - 44 = r. Suppose 3*w + o - y = 0, 2*w + 2*o = -2*o + 28. Calculate the remainder when 20 is divided by w.
2
Suppose 36*a = 17*a + 874. What is the remainder when 640 is divided by a?
42
Suppose 22*r = 15*r + 119. What is the remainder when 152 is divided by r?
16
Let m(k) = 28*k + 14. Let a be m(3). Suppose 10*t = 12*t - a. What is the remainder when t is divided by 18?
13
Suppose 50*b = 43*b + 168. Suppose 2*i + 3*i + 4*a - 221 = 0, -4*i - 3*a = -177. Calculate the remainder when i is divided by b.
21
Let m(y) = y**2 - 7*y + 11. Let b be m(6). Suppose -33 = -p - b*r, 4*p = 3*p + r + 27. Calculate the remainder when 111 is divided by p.
27
Suppose -31 - 99 = -5*f. Suppose -12 = -m - g, -7*g = -2*m - 2*g + 52. Calculate the remainder when f is divided by m.
10
Let f = 81 - -8. What is the remainder when f is divided by 14 + -5 - -4*1?
11
Suppose -262*l = -259*l - 81. What is the remainder when l is divided by 7?
6
What is the remainder when (66 - -1)*(11 + -8) is divided by 29?
27
Suppose 8*t = -848 + 1040. Calculate the remainder when 97 is divided by t.
1
Suppose -37 = -5*o + 28. Let y be 12/42*7 + -92. Let g = y - -137. What is the remainder when g is divided by o?
8
Suppose 13 = 4*k - 3*b, 5*k + b - 17 = 4*b. Suppose -3*m = -32 - 280. Let p = -85 + m. Calculate the remainder when p is divided by k.
3
Suppose 3*z + 176 = -2*d - z, -d - 96 = -2*z. Let w = -69 - d. What is the remainder when w is divided by 5?
3
Suppose 43 = 5*t - 3*n + 9, 3 = 3*t + 4*n. Suppose 23 + 73 = 2*a - 3*p, -3*a + 141 = -3*p. Suppose c = -4*c + a. Calculate the remainder when c is divided by t.
4
Suppose 2*i = -4*c + 86, -5*i - 44 = -c - i. What is the remainder when 69*3/((-9)/(-2)) is divided by c?
22
Let s be (2/(-4))/((-2)/(-4)). Let p be s + 3*(-2)/(-6). Suppose p = -x + 6*x - 80. What is the remainder when 63 is divided by x?
15
Calculate the remainder when 639 is divided by ((-256)/(-896))/((-1)/(-77)).
1
Let f be (1 - ((-16)/(-6) + -3))*3. Suppose -5*c - 3*l = -609, -f*c + 432 = l - 58. Calculate the remainder when c is divided by 14.
11
Let h(g) = -g**3 + 11*g**2 + 14*g + 5. What is the remainder when 3594 is divided by h(12)?
27
Let r = 71 - 52. Calculate the remainder when 130 is divided by r.
16
Suppose 27 = 6*f - 489. Calculate the remainder when f is divided by 9.
5
Let a = -71 - -76. Suppose 0 = -b - a*b + 42. What is the remainder when b is divided by 4?
3
Suppose -h = -22 + 7. Suppose 6*l = 5*l + 5, 0 = -2*y - l - 107. What is the remainder when -3*1/6*y is divided by h?
13
Let o = 436 - 424. Calculate the remainder when o is divided by 11.
1
Let t = -789 + 820. Calculate the remainder when t is divided by 22.
9
Let l = 586 + -406. Suppose 5*p = -q + 38, 4*q - l - 60 = 2*p. Calculate the remainder when q is divided by 15.
13
Let q = 2053 + -628. What is the remainder when q is divided by 102?
99
What is the remainder when 96 is divided by (-306)/(-119) - (-3)/7?
0
Calculate the remainder when 77 is divided by 2*((-4)/(-2))/2 + 20.
11
Let a be 2/5 - (324/(-15) + 2). Suppose 0 = 4*l - 2*l - a. Calculate the remainder when l is divided by 7.
3
Let o = 687 - 666. Calculate the remainder when 24 is divided by o.
3
Let f = -1125 - -1261. What is the remaind